) = 3*f**3 - 64*f**2 - 244*f - 7. Calculate h(-4).
-247
Let u(q) = 4*q**3 - 54*q**2 + 83*q - 2042. Give u(15).
553
Let l(u) = -71*u**2 - 74*u + 428. Determine l(4).
-1004
Let s(h) = 4993*h**2 + 2648*h + 1. Give s(-1).
2346
Let a(t) = -3770*t - 14537. Give a(-4).
543
Let a(m) = 26757*m - 2488383. Give a(93).
18
Let x(r) = -1906*r - 68629. Calculate x(-36).
-13
Let p(h) = 16*h**2 - 5215*h - 337. Determine p(326).
-11
Let a(n) = -2*n**3 - 229*n**2 + 109*n - 699. Calculate a(-115).
-9
Let n(i) = -i**3 + 238*i**2 + 240*i + 120. What is n(239)?
359
Let o(r) = 77045*r - 231008. Determine o(3).
127
Let x(c) = 28*c + 2258. Determine x(-4).
2146
Let d(b) = b**3 - 1500*b**2 + 2172*b - 3258005. What is d(1500)?
-5
Let o(r) = 460*r**2 + 2*r + 1109. Give o(0).
1109
Let p(a) = 782*a + 186095. Calculate p(-238).
-21
Let x(k) = -537*k - 10489. Determine x(-21).
788
Let j(c) = -c**3 + 28*c**2 + 19*c - 1608. Determine j(-7).
-26
Let l(h) = -181*h + 8509. Determine l(47).
2
Let h(s) = -2*s**2 - 1553*s + 7776. Determine h(5).
-39
Let t(q) = 7*q**3 + 34*q**2 - 41*q - 123. What is t(-9)?
-2103
Let x(n) = 2*n**2 - 5495751*n - 38470349. Determine x(-7).
6
Let h(y) = -23869*y + 190998. Determine h(8).
46
Let n(a) = a**2 - 44*a - 7368. Calculate n(111).
69
Let g(d) = 2*d**3 + 644*d**2 - 588*d + 19475. Give g(-323).
741
Let a(z) = 2*z**3 + 61*z**2 + 35*z + 40. Calculate a(-30).
-110
Let i(b) = b**2 + 4439*b - 1893749. What is i(392)?
3
Let m(k) = -68836*k - 1858697. What is m(-27)?
-125
Let t(u) = 7967*u + 47962. Determine t(-6).
160
Let u(a) = 4*a**3 - 149*a**2 + 58*a + 335. Determine u(37).
1112
Let g(j) = -8*j**3 - 69*j**2 + 25*j + 33. Give g(-9).
51
Let l(n) = -3631*n + 57782. Calculate l(16).
-314
Let q(t) = 601*t**2 - 9020*t + 66. Give q(15).
-9
Let i(b) = -b**3 + 67*b**2 - 65*b - 93. Give i(66).
-27
Let h(x) = -18*x**3 - 4*x**2 - 19*x + 84. Calculate h(3).
-495
Let w(s) = -59*s**2 - 18696*s + 2517. Give w(-317).
298
Let f(x) = -11997*x - 119952. Give f(-10).
18
Let z(d) = 7*d**3 - 2*d**2 + 17324*d - 86592. Give z(5).
853
Let k(s) = 12*s**2 - 2341*s + 13851. Calculate k(6).
237
Let n(k) = 515*k - 3115. Calculate n(6).
-25
Let c(n) = -22*n**2 + 506*n + 492. Determine c(24).
-36
Let d(r) = 3*r**2 + 708*r - 233672. Give d(185).
-17
Let k(z) = -2*z**2 - 245*z - 5556. Calculate k(-88).
516
Let h(w) = -w**3 + 654*w**2 - 9581*w - 2564. What is h(639)?
-8
Let p(u) = 2*u**2 + 8915*u + 177485. Determine p(-20).
-15
Let t(m) = 170775*m - 1195421. What is t(7)?
4
Let p(b) = -184*b + 12853. Determine p(69).
157
Let x(i) = -6530*i + 248145. Calculate x(38).
5
Let z(i) = 2*i**3 - 10*i**2 - 29596*i + 177565. Give z(6).
61
Let t(v) = -38*v**2 + 1379*v + 997. Determine t(37).
-2
Let f(t) = 5938*t + 29774. What is f(-5)?
84
Let k(n) = n**3 + 160*n**2 + 2430*n - 17944. Calculate k(-142).
-52
Let q(k) = -280*k**2 - 98*k + 96. What is q(1)?
-282
Let z(k) = -1293*k**2 - 6109*k + 1783. Give z(-5).
3
Let m(c) = -14711*c + 1618204. Give m(110).
-6
Let p(k) = -3*k**3 - 287*k**2 - 191*k + 187. Determine p(-95).
282
Let u(g) = -6*g**3 - g**2 + 298*g + 593. Give u(-2).
41
Let w(v) = -v**2 + 882*v + 13563. What is w(-15)?
108
Let z(x) = x**3 - 12*x**2 + 3505*x - 24289. Give z(7).
1
Let l(i) = -486*i - 25803. Give l(-52).
-531
Let v(r) = 45*r**2 + 4910*r + 494. What is v(-109)?
-51
Let g(t) = t**2 - 104*t - 83551. What is g(-242)?
181
Let a(p) = 4632*p + 9498. What is a(-2)?
234
Let t(c) = -7*c**3 + 3408*c**2 + 566*c - 38459. Determine t(487).
14
Let f(l) = 4*l**2 - 4510*l + 13541. Give f(3).
47
Let m(f) = f**2 - 93254*f - 14852667. Give m(-159).
0
Let j(b) = -13200*b + 108618. Calculate j(8).
3018
Let q(s) = s**3 + 284*s**2 + 2984*s - 3606. What is q(-273)?
1581
Let o(n) = 2473*n - 10149. Determine o(5).
2216
Let w(u) = -3167*u + 68473. Calculate w(22).
-1201
Let p(a) = a**3 + 11*a**2 + 52283*a + 470400. Calculate p(-9).
15
Let b(a) = 28*a**2 - 4204*a - 7761. Calculate b(152).
143
Let o(w) = 2389*w - 716724. Calculate o(300).
-24
Let a(d) = 434*d + 6979. Determine a(-15).
469
Let t(l) = -22*l**2 + 309*l + 217. Give t(14).
231
Let v(p) = -446*p - 4944. Calculate v(-1).
-4498
Let l(i) = i**2 - 2117*i + 10547. What is l(5)?
-13
Let o(k) = -4720*k - 3374802. Determine o(-715).
-2
Let k(d) = 102268*d - 1431763. Determine k(14).
-11
Let x(h) = -4828947*h - 9657885. Determine x(-2).
9
Let o(g) = -g**3 + 353*g**2 + 354*g - 715. Calculate o(-2).
-3
Let k(y) = 459*y + 13248. Calculate k(-29).
-63
Let r(a) = -2011*a + 40436. What is r(20)?
216
Let v(g) = 15*g**2 + 1375*g + 2210. Give v(-90).
-40
Let a(x) = -x**3 + 104*x**2 + 65*x - 6754. Calculate a(104).
6
Let k(g) = -4*g**2 - 178*g - 2437. Determine k(-15).
-667
Let s(y) = -180*y - 18188. Calculate s(-101).
-8
Let d(y) = 3173*y + 333150. Give d(-105).
-15
Let v(n) = -132834*n - 2258169. Give v(-17).
9
Let a(m) = 29*m**3 + 519*m**2 - 99*m - 936. Give a(-18).
-126
Let l(y) = y**3 - 80*y**2 + 498*y - 14262. Give l(76).
482
Let n(w) = w**3 - 1099*w**2 + 7642*w + 14. What is n(7)?
0
Let z(q) = q**3 - 24*q**2 + 5443*q - 168609. Calculate z(30).
81
Let n(u) = -5563*u - 72324. Calculate n(-13).
-5
Let r(o) = -317*o**2 - 2255*o - 183. Calculate r(-7).
69
Let w(a) = -3310*a + 188632. Give w(57).
-38
Let f(q) = q**3 - 1547*q**2 - 3219*q + 187457. What is f(1549)?
28
Let o(h) = 5*h**3 - 314*h**2 - 71*h + 358. Determine o(63).
-146
Let k(z) = -1145*z - 5929. What is k(-3)?
-2494
Let r(a) = -6*a**2 - 1490*a + 108053. Give r(-307).
-11
Let h(l) = -3*l**2 - 190*l + 1765. Calculate h(-75).
-860
Let p(l) = -l**3 + 566*l**2 + 4604*l - 6889. Determine p(574).
-1
Let f(b) = b**2 - 141*b - 9556. Determine f(-50).
-6
Let c(d) = -d**3 + 157*d**2 + 3736*d + 381. Calculate c(178).
25
Let z(r) = 120535*r + 602619. Determine z(-5).
-56
Let m(w) = -6*w**2 + 392*w + 221. Determine m(68).
-867
Let r(c) = -135*c**2 + 123*c - 559. Calculate r(5).
-3319
Let o(b) = b**2 + 4*b - 6551. Determine o(65).
-2066
Let v(i) = -2*i**3 + 41*i**2 + 202*i + 147. Determine v(27).
-3876
Let k(l) = l**3 + 9*l**2 - 147*l - 41. Determine k(9).
94
Let d(b) = -2*b**3 - 75*b**2 + 213*b + 505. Determine d(-40).
-15
Let k(q) = q**2 - 5043*q + 170317. Give k(34).
11
Let i(n) = 29987*n + 90107. Calculate i(-3).
146
Let z(h) = -86*h**3 - 263*h**2 + 48*h + 160. Calculate z(-3).
-29
Let y(k) = 4*k**2 + 241*k + 75. Give y(-57).
-666
Let w(c) = -29*c**3 + 5278*c**2 - 3*c + 617. Determine w(182).
71
Let q(w) = 5258*w + 473218. Determine q(-90).
-2
Let m(p) = 48*p**3 + 1002*p**2 - 118*p + 277. Calculate m(-21).
109
Let g(x) = x**3 + 24*x**2 + 117*x - 34. Determine g(-8).
54
Let w(t) = t**2 + 3*t - 979. What is w(30)?
11
Let w(c) = -c**2 - 356*c - 18332. Determine w(-84).
4516
Let u(v) = v**2 - 9*v - 113. What is u(-8)?
23
Let u(c) = 2*c**2 - 77649*c + 310584. What is u(4)?
20
Let j(n) = -271*n**2 - 85*n - 163. Give j(-2).
-1077
Let y(o) = -10609275*o - 31827830. Determine y(-3).
-5
Let y(b) = 118*b - 32191. Determine y(269).
-449
Let d(v) = -6*v**2 + 168*v - 1116. Calculate d(18).
-36
Let n(p) = 277*p**2 + 170*p - 165. What is n(1)?
282
Let s(u) = -13891*u - 97275. Determine s(-7).
-38
Let g(d) = 761*d - 3218. Give g(7).
2109
Let c(v) = v**3 + 25*v**2 - 194*v + 2194. Give c(-33).
-116
Let a(d) = -39*d**2 - 400*d + 257. What is a(-11)?
-62
Let k(m) = -13660*m + 573728. Give k(42).
8
Let i(q) = -36*q**3 - 397*q**2 + 2269*q + 25096. What is i(-11)?
16
Let o(j) = -j**3 - j**2 + 91*j + 35. What is o(-10)?
25
Let d(y) = -2242*y + 33596. Determine d(15).
-34
Let c(j) = 5*j**3 - 799*j**2 - 164*j + 1215. What is c(160)?
575
Let s(r) = 465*r + 559. Determine s(0).
559
Let s(f) = -f**3 + 121*f**2 + 24*f + 385. Determine s(121).
3289
Let j(z) = 3646*z - 80206. Give j(22).
6
Let o(q) = -3070997*q + 21496974. Determine o(7).
-5
Let d(o) = -o**2 + 300*o + 14661. Calculate d(-42).
297
Let i(l) = -3*l**2 + 4262*l - 35. Calculate i(0).
-35
Let u(i) = -i**3 + 9*i**2 - 23*i + 325. Give u(10).
-5
Let l(n) = 23*n**3 - 106*n**2 + 12*n - 9. Give l(5).
276
Let k(s) = 4*s**2 + 15*s - 7009. Determine k(40).
-9
Let c(a) = -284460*a + 853412. Give c(3).
32
Let g(s) = -19450*s - 3559387. What is g(-183)?
-37
Let p(i) = 2*i**2 + 13025*i - 208988. What is p(16)?
-76
Let r(v) = v**3 - 328*v**2 + 429*v - 33325. Determine r(327).
29
Let u(g) = g**2 